.
21
Let w = 447 + -443. Calculate the remainder when 52 is divided by w.
0
Suppose -3*v = s + 113, 0*s = 4*s - 4. Let u = 40 - 29. What is the remainder when 9/54 - v/(-12)*-17 is divided by u?
10
Let n = -12 - -14. Suppose -3*x - 3 = -a - 0*x, -5*x + 17 = n*a. Let r(q) = -q**3 - q**2 - 2*q + 4. Calculate the remainder when a is divided by r(0).
2
Let a = -698 + 741. What is the remainder when 255 is divided by a?
40
Let f = 65 + 83. Let p = f + -90. Suppose 5*w + 3*i = p, 5*i - 3*i = 3*w - 31. What is the remainder when w is divided by 7?
4
Let l = 1049 - 350. What is the remainder when l is divided by 10?
9
Let n(w) = 14*w - 112. What is the remainder when n(15) is divided by 20?
18
Let l = -793 + 852. Calculate the remainder when 192 is divided by l.
15
Suppose 2*v = 3*l + l + 10, 4*l + 2*v = -6. Calculate the remainder when 49 is divided by ((-26)/(-13))/(l/(-13)).
10
Let i = -1 - -11. Suppose -p + 4*c = -26, -2*p - 3*c + 7 = -2*c. What is the remainder when i is divided by (p/20*-2)/(10/(-50))?
1
Let f be -2 - (-10)/(-3 + 1). Suppose -45 = -2*d - d. Let t = f + d. Calculate the remainder when t is divided by 3.
2
Suppose 90*f = 97*f - 91. What is the remainder when (-111)/18*2*-3 is divided by f?
11
Suppose -24 = -0*q - 3*q. Let c(g) be the second derivative of -g**5/20 + g**4/2 + 5*g**3/6 - 4*g**2 + 4*g. Calculate the remainder when c(6) is divided by q.
6
Let s(m) = 2*m**3 - 4*m**2 + 10*m - 11. Let q = -30 + 42. Suppose y = -2*y + 4*f + 56, -3*f = -q. What is the remainder when s(4) is divided by y?
21
Suppose 3 - 12 = 3*h + 3*m, h = -2*m - 5. Let b be -4 - h - 351/13. Let k = 57 + b. Calculate the remainder when k is divided by 14.
13
Suppose 5*p + 12 = -83. Let o = 28 + p. Calculate the remainder when 31 is divided by o.
4
Let k = -29 + 80. Suppose -5*w + 15 = 0, -5*h - w = -h - k. What is the remainder when 93 is divided by h?
9
Let q(u) = -u**3 - 4*u**2 + 2*u + 1. Suppose 20 = 5*c, 18 = -5*a - 2*c + 6. Let m be q(a). Calculate the remainder when (m/(-21))/(1/153) is divided by 18.
15
Suppose -35*o + 633 = 213. Calculate the remainder when 237 is divided by o.
9
Suppose 6*t - 20 = t. Suppose -5*r = 2*z - t, 5*z - 2*z - 6 = -2*r. Calculate the remainder when -5*z/(-4)*6 is divided by 4.
3
Let i = -53 + 130. Calculate the remainder when 94 is divided by i.
17
Let u be 3 - ((-6)/(-9))/(4/(-6)). Suppose -x + 4*o + u = 0, -2*o = -3*x - 6*o + 44. What is the remainder when 28 is divided by x?
4
Suppose 5 = 3*s - 13. Suppose 8 = p - c - 3, -2*c = 0. What is the remainder when p is divided by s?
5
Suppose 374 - 7689 = -19*k. Calculate the remainder when k is divided by 79.
69
Calculate the remainder when 2256/27*3 - (-14)/(-21) is divided by 63.
61
Let k be 0/((25/5)/(-5)). Suppose k = -v + 19 + 4. Calculate the remainder when v is divided by 8.
7
Let i = -154 - -236. Calculate the remainder when i is divided by 21.
19
Let v = 37 - 34. Let f(o) = 2*o**2 + 3*o - 3. Calculate the remainder when (v/(-6))/(6/(-492)) is divided by f(2).
8
Let q(t) = -t**2 - 4*t + 7. Suppose 0 = 2*c + 2 + 8. Let z be q(c). Suppose -z*u + 21 = -1. What is the remainder when u is divided by 7?
4
Suppose j + 6*j - 35 = 0. Suppose -j*n = -8*n + 30. Suppose 3 = 5*y - 12. What is the remainder when n is divided by y?
1
Suppose -r - 5*i + 63 = r, -65 = -2*r - 3*i. Suppose 3*x = 5*x - 20. Calculate the remainder when r is divided by x.
4
Suppose -2*f + 3 = -33. Suppose 2*k + 4*y - 18 = 0, -2*y + f = 2*k - 3*y. What is the remainder when -34*-2*(-1)/(-4) is divided by k?
8
Suppose 0*m + 4*w - 59 = -3*m, -79 = -4*m - 5*w. Suppose f + 2*g = 19, -f - f = 3*g - 34. Calculate the remainder when m is divided by f.
10
Let w = -462 - -1306. What is the remainder when w is divided by 18?
16
Suppose -13 = -4*j + 3. Suppose -j*m = -4*y - 12, -y = -2*m - 2*y - 3. Let q(k) = -3*k + 1. What is the remainder when 3 is divided by q(m)?
0
Suppose y - 5*c = 70, 5*y - y - 3*c = 263. Calculate the remainder when 387 is divided by y.
62
Suppose 3*i + 2*i = 3*h - 11, -6 = -4*h - 2*i. Suppose -h*w + 208 = 40. Let z = -51 + w. Calculate the remainder when z is divided by 9.
6
Let f = 33 + 32. Let j = -2889 + 2912. What is the remainder when f is divided by j?
19
What is the remainder when 12 is divided by ((12/10)/(-6))/((-1)/35)?
5
Let l be 68 - ((-3)/1 - 0). Let w = 113 - l. What is the remainder when w is divided by 15?
12
Let c be 0/(1 + 5 + -4). Suppose 5*u - 50 = q, c = -u - 3*u + 4*q + 24. Let t = 36 + 5. What is the remainder when t is divided by u?
8
Let u be 1*(-66*4)/(-3). Suppose 0*d = -4*d + u. Suppose -5*x + 6 = -4, -d = -q - 4*x. Calculate the remainder when 54 is divided by q.
12
Suppose r + 20 - 17 = 0. Let t(x) = 2*x**2 - 2*x - 9. What is the remainder when 26 is divided by t(r)?
11
Suppose 5*c = 2*w + c - 312, -659 = -4*w + c. Calculate the remainder when w + 0/3 + 4 is divided by 43.
41
Calculate the remainder when 626 + 0 - -1 - (23 + -17) is divided by 39.
36
Let f(z) = -1 + 6 - 7 - 3*z - 7. What is the remainder when f(-11) is divided by 13?
11
Let l = 432 - -994. Calculate the remainder when l is divided by 17.
15
Suppose -9*k + 11*k - 104 = -2*s, -4*k = -5*s + 242. What is the remainder when 97 is divided by s?
47
Suppose -5*w + 6*o - 4*o - 24 = 0, -3*w - o = 21. What is the remainder when 2/w + (-3120)/(-45) is divided by 18?
15
Suppose 0 = x + 4*n - 2 - 14, 4*n - 128 = -5*x. Let z = 43 - x. Suppose 188*g = 52*g + 9792. Calculate the remainder when g is divided by z.
12
Suppose -4*q + 93 + 17 = 2*b, 5*q - 3*b - 165 = 0. Calculate the remainder when 297 is divided by q.
27
Let t(u) = -u**3 - 38*u**2 + 4*u + 187. Let i = -19 + 40. Calculate the remainder when t(-38) is divided by i.
14
Let r = -105 - -105. Suppose -2*y = -5*n + 2 + 3, r = -5*y. What is the remainder when 13 is divided by n?
0
Suppose -3*f + 7*f = 4*v + 4, 5*f = -v + 23. Let h = -15 + 21. Calculate the remainder when h is divided by f.
2
Suppose -5*h - 6 = -8*h. Suppose h*d + 20 = -46. Calculate the remainder when 18 is divided by d/(-7) + (-16)/(-56).
3
Suppose 20 = 10*c - 6*c. Suppose -7 = 2*p - 1, 2*p - 214 = -c*t. Suppose i + 5*r = 25, 5*i - r - 71 = r. Calculate the remainder when t is divided by i.
14
Let b(d) = -d**3 - 12*d**2 - 23*d - 6. Let v be b(-10). Let x = v - -12. What is the remainder when 106 is divided by x?
34
Let f = 158 - 108. Let r(d) = d**3 - 3. Let b be r(-3). Let s = f + b. Calculate the remainder when 59 is divided by s.
19
Let x = -236 - -252. Calculate the remainder when 159 is divided by x.
15
Suppose 0 = v - 11 + 4. Suppose -5*n = -v*n. Suppose z - 22 = -3*c + 25, n = 3*z - 5*c - 211. What is the remainder when z is divided by 21?
20
Let a be (-1 + -3 - 3)*-7. Suppose 5*r - 3*t - 61 = -t, 2*t = -5*r + a. What is the remainder when r is divided by 6?
5
Let z = 6 + -2. Suppose t + 34 = 2*t + z*l, -t - l = -19. Calculate the remainder when 83 is divided by t.
13
Let h = 19 - 55. What is the remainder when (-24)/h*(6*17)/1 is divided by 19?
11
Suppose -4*f = -25 - 11. Let l = 6 + f. Suppose -3*i - 40 = -166. What is the remainder when i is divided by l?
12
Let f = 3650 - 3632. Let r = 19 - -15. What is the remainder when r is divided by f?
16
Let l(t) be the second derivative of 23*t**3/3 + 5*t**2/2 - 9*t. Calculate the remainder when l(2) is divided by 25.
22
Suppose -2*t - 234 = -8*t. Let p(u) = -u**3 - 5*u**2 + 8*u + 6. Let z be p(-6). Let x = z - -26. Calculate the remainder when t is divided by x.
19
Calculate the remainder when 87 is divided by 26 + -14 + (-6)/(-2).
12
Suppose 5*x - 202 - 343 = 0. Calculate the remainder when x is divided by (12844/1859)/(6/33).
33
Let b(w) = -w**3 + w - 1. Let y(q) = 2*q**2 - 5*q. Suppose 3*p - 4*x = 7 + 21, 2*p - 4 = -x. Calculate the remainder when b(-3) is divided by y(p).
11
Suppose p = -3*q + 9, -2*p = -4*q - 7*p + 12. Suppose h = q + 1. Let m(x) = x**2 - 3*x. Calculate the remainder when 13 is divided by m(h).
1
Suppose 0 = m + 4*r - 38, 0 = -2*m - 0*m - 4*r + 96. Let q = m - -4. Calculate the remainder when q is divided by 22.
18
Let f(p) = p**2 - 13*p - 36. Let j be f(12). Let d(u) = -u**2 - 6*u - 2. What is the remainder when -2 + (-4)/(j/(-4))*-39 is divided by d(-5)?
2
Suppose -2*w + 35 = -3*r - 0, -w + 2*r = -18. Let g(l) =